{"id":2,"date":"2023-09-20T17:18:24","date_gmt":"2023-09-20T15:18:24","guid":{"rendered":"https:\/\/monip.online\/?page_id=2"},"modified":"2023-09-27T16:18:21","modified_gmt":"2023-09-27T14:18:21","slug":"trouver-mon-ip","status":"publish","type":"page","link":"https:\/\/monip.online\/","title":{"rendered":"MonIp :: click \u2192 copy"},"content":{"rendered":"\n<p>\u00a1 Clique ci-dessus pour copier  ton adresse IP !<\/p>\n\n\n<button type=\"button\" class=\"ipcopy-btn\" style=\"width:100%;display:block;\" data-ip=\"216.73.217.0\">216.73.217.0<\/button><br>\n\n\n\n<pre class=\"wp-block-preformatted\">C'est quoi une IP ?<\/pre>\n\n\n\n<blockquote class=\"wp-block-quote is-layout-flow wp-block-quote-is-layout-flow\">\n<p>Une&nbsp;<strong>adresse IP<\/strong>&nbsp;(<em><a href=\"https:\/\/fr.wikipedia.org\/wiki\/Internet_Protocol\">Internet Protocol<\/a><\/em>) est un num\u00e9ro d&rsquo;identification unique attribu\u00e9 de fa\u00e7on permanente ou provisoire \u00e0 chaque&nbsp;<a href=\"https:\/\/fr.wikipedia.org\/wiki\/Ordinateur\">p\u00e9riph\u00e9rique<\/a>&nbsp;faisant partie d&rsquo;un m\u00eame&nbsp;<a href=\"https:\/\/fr.wikipedia.org\/wiki\/R%C3%A9seau_informatique\">r\u00e9seau informatique<\/a>&nbsp;utilisant l&rsquo;<a href=\"https:\/\/fr.wikipedia.org\/wiki\/Internet_Protocol\">Internet Protocol<\/a>. L&rsquo;adresse IP est \u00e0 l&rsquo;origine du syst\u00e8me d&rsquo;acheminement (le&nbsp;<a href=\"https:\/\/fr.wikipedia.org\/wiki\/Routage\">routage<\/a>) des&nbsp;<a href=\"https:\/\/fr.wikipedia.org\/wiki\/Commutation_de_paquets\">paquets de donn\u00e9es<\/a>&nbsp;sur&nbsp;<a href=\"https:\/\/fr.wikipedia.org\/wiki\/Internet\">Internet<\/a>.<\/p>\n\n\n\n<p>Il existe deux grandes versions d&rsquo;adresses IP&nbsp;: la&nbsp;<a href=\"https:\/\/fr.wikipedia.org\/wiki\/IPv4\">version 4<\/a>&nbsp;(IPv4) cod\u00e9e sur 32&nbsp;bits, et la&nbsp;<a href=\"https:\/\/fr.wikipedia.org\/wiki\/IPv6\">version 6<\/a>&nbsp;(IPv6) cod\u00e9e sur 128&nbsp;bits. La&nbsp;version 4&nbsp;est actuellement la plus utilis\u00e9e&nbsp;: elle est g\u00e9n\u00e9ralement repr\u00e9sent\u00e9e en&nbsp;<a href=\"https:\/\/fr.wikipedia.org\/wiki\/Syst%C3%A8me_de_num%C3%A9ration_indo-arabe\">notation d\u00e9cimale<\/a>&nbsp;avec quatre&nbsp;<a href=\"https:\/\/fr.wikipedia.org\/wiki\/Nombre_premier\">nombres<\/a>&nbsp;compris entre&nbsp;0 et 255, s\u00e9par\u00e9s par des&nbsp;<a href=\"https:\/\/fr.wikipedia.org\/wiki\/Point_(signe)\">points<\/a>, ce qui donne par exemple \u00ab&nbsp;181.174.87.53&nbsp;\u00bb.<\/p>\n<cite>Wikip\u00e9dia<br><a href=\"https:\/\/fr.wikipedia.org\/wiki\/Adresse_IP\">Adresse IP \u2014 Wikip\u00e9dia (wikipedia.org)<\/a><\/cite><\/blockquote>\n\n\n\n<pre class=\"wp-block-preformatted\">La blague du geek...<\/pre>\n\n\n<div class=\"wp-block-image\">\n<figure class=\"aligncenter size-full is-resized\"><img loading=\"lazy\" decoding=\"async\" src=\"https:\/\/monip.online\/wp-content\/uploads\/2023\/09\/aBWW21A_700b-scaled.jpg\" alt=\"\" class=\"wp-image-36\" style=\"object-fit:cover;width:652px;height:2798px\" width=\"652\" height=\"2798\" title=\"La blague du geek\"\/><\/figure>\n<\/div>\n\n\n<pre class=\"wp-block-preformatted\">monip.online<\/pre>\n\n\n\n<h2 class=\"wp-block-heading\">Certains rangs d&rsquo;adresses sont r\u00e9serv\u00e9s<\/h2>\n\n\n\n<figure class=\"wp-block-gallery has-nested-images columns-default is-cropped wp-block-gallery-1 is-layout-flex wp-block-gallery-is-layout-flex\">\n<figure class=\"wp-block-image size-large\"><img loading=\"lazy\" decoding=\"async\" width=\"734\" height=\"611\" data-id=\"63\" src=\"https:\/\/monip.online\/wp-content\/uploads\/2023\/09\/Reserved_IP_net-2.png\" alt=\"\" class=\"wp-image-63\" srcset=\"https:\/\/monip.online\/wp-content\/uploads\/2023\/09\/Reserved_IP_net-2.png 734w, https:\/\/monip.online\/wp-content\/uploads\/2023\/09\/Reserved_IP_net-2-300x250.png 300w\" sizes=\"auto, (max-width: 734px) 100vw, 734px\" \/><\/figure>\n<\/figure>\n\n\n\n<iframe loading=\"lazy\" src=\"https:\/\/fr.wikipedia.org\/wiki\/Adresse_IP\" width=\"100%\" height=\"800\" allow=\"fullscreen\"><\/iframe>\n","protected":false},"excerpt":{"rendered":"<p>\u00a1 Clique ci-dessus pour copier ton adresse IP ! C&rsquo;est quoi une IP ? Une&nbsp;adresse IP&nbsp;(Internet Protocol) est un num\u00e9ro d&rsquo;identification unique attribu\u00e9 de fa\u00e7on permanente ou provisoire \u00e0 chaque&nbsp;p\u00e9riph\u00e9rique&nbsp;faisant partie d&rsquo;un m\u00eame&nbsp;r\u00e9seau informatique&nbsp;utilisant l&rsquo;Internet Protocol. L&rsquo;adresse IP est \u00e0 l&rsquo;origine du syst\u00e8me d&rsquo;acheminement (le&nbsp;routage) des&nbsp;paquets de donn\u00e9es&nbsp;sur&nbsp;Internet. Il existe deux grandes versions d&rsquo;adresses IP&nbsp;: &hellip; <a href=\"https:\/\/monip.online\/\" class=\"more-link\">Continuer la lecture de <span class=\"screen-reader-text\">MonIp :: click \u2192 copy<\/span><\/a><\/p>\n","protected":false},"author":1,"featured_media":0,"parent":0,"menu_order":0,"comment_status":"closed","ping_status":"open","template":"","meta":{"footnotes":""},"class_list":["post-2","page","type-page","status-publish","hentry"],"yoast_head":"<!-- This site is optimized with the Yoast SEO plugin v27.4 - https:\/\/yoast.com\/product\/yoast-seo-wordpress\/ -->\n<title>MonIp :: click \u2192 copy - Mon IP publique<\/title>\n<meta name=\"description\" content=\"Trouvez votre adresse IP publique gratuitement &amp; sans pub ! Affichage de votre adresse IP, description d&#039;une adresse IP et explications.\" \/>\n<meta name=\"robots\" content=\"index, follow, max-snippet:-1, max-image-preview:large, max-video-preview:-1\" \/>\n<link rel=\"canonical\" href=\"https:\/\/monip.online\/\" \/>\n<meta property=\"og:locale\" content=\"fr_FR\" \/>\n<meta property=\"og:type\" content=\"article\" \/>\n<meta property=\"og:title\" content=\"MonIp :: click \u2192 copy - Mon IP publique\" \/>\n<meta property=\"og:description\" content=\"Trouvez votre adresse IP publique gratuitement &amp; sans pub ! Affichage de votre adresse IP, description d&#039;une adresse IP et explications.\" \/>\n<meta property=\"og:url\" content=\"https:\/\/monip.online\/\" \/>\n<meta property=\"og:site_name\" content=\"Mon IP publique\" \/>\n<meta property=\"article:modified_time\" content=\"2023-09-27T14:18:21+00:00\" \/>\n<meta property=\"og:image\" content=\"https:\/\/monip.online\/wp-content\/uploads\/2023\/09\/aBWW21A_700b-scaled.jpg\" \/>\n<meta name=\"twitter:card\" content=\"summary_large_image\" \/>\n<meta name=\"twitter:label1\" content=\"Dur\u00e9e de lecture estim\u00e9e\" \/>\n\t<meta name=\"twitter:data1\" content=\"1 minute\" \/>\n<script type=\"application\/ld+json\" class=\"yoast-schema-graph\">{\"@context\":\"https:\\\/\\\/schema.org\",\"@graph\":[{\"@type\":\"TechArticle\",\"@id\":\"https:\\\/\\\/monip.online\\\/#article\",\"isPartOf\":{\"@id\":\"https:\\\/\\\/monip.online\\\/\"},\"author\":{\"name\":\"online\",\"@id\":\"https:\\\/\\\/monip.online\\\/#\\\/schema\\\/person\\\/bfacf519fc4a7d2a84600b481d1cace2\"},\"headline\":\"MonIp :: click \u2192 copy\",\"datePublished\":\"2023-09-20T15:18:24+00:00\",\"dateModified\":\"2023-09-27T14:18:21+00:00\",\"mainEntityOfPage\":{\"@id\":\"https:\\\/\\\/monip.online\\\/\"},\"wordCount\":171,\"publisher\":{\"@id\":\"https:\\\/\\\/monip.online\\\/#organization\"},\"image\":{\"@id\":\"https:\\\/\\\/monip.online\\\/#primaryimage\"},\"thumbnailUrl\":\"https:\\\/\\\/monip.online\\\/wp-content\\\/uploads\\\/2023\\\/09\\\/aBWW21A_700b-scaled.jpg\",\"inLanguage\":\"fr-FR\"},{\"@type\":[\"WebPage\",\"QAPage\"],\"@id\":\"https:\\\/\\\/monip.online\\\/\",\"url\":\"https:\\\/\\\/monip.online\\\/\",\"name\":\"MonIp :: click \u2192 copy - Mon IP publique\",\"isPartOf\":{\"@id\":\"https:\\\/\\\/monip.online\\\/#website\"},\"primaryImageOfPage\":{\"@id\":\"https:\\\/\\\/monip.online\\\/#primaryimage\"},\"image\":{\"@id\":\"https:\\\/\\\/monip.online\\\/#primaryimage\"},\"thumbnailUrl\":\"https:\\\/\\\/monip.online\\\/wp-content\\\/uploads\\\/2023\\\/09\\\/aBWW21A_700b-scaled.jpg\",\"datePublished\":\"2023-09-20T15:18:24+00:00\",\"dateModified\":\"2023-09-27T14:18:21+00:00\",\"description\":\"Trouvez votre adresse IP publique gratuitement & sans pub ! Affichage de votre adresse IP, description d'une adresse IP et explications.\",\"breadcrumb\":{\"@id\":\"https:\\\/\\\/monip.online\\\/#breadcrumb\"},\"inLanguage\":\"fr-FR\",\"potentialAction\":[{\"@type\":\"ReadAction\",\"target\":[\"https:\\\/\\\/monip.online\\\/\"]}]},{\"@type\":\"ImageObject\",\"inLanguage\":\"fr-FR\",\"@id\":\"https:\\\/\\\/monip.online\\\/#primaryimage\",\"url\":\"https:\\\/\\\/monip.online\\\/wp-content\\\/uploads\\\/2023\\\/09\\\/aBWW21A_700b-scaled.jpg\",\"contentUrl\":\"https:\\\/\\\/monip.online\\\/wp-content\\\/uploads\\\/2023\\\/09\\\/aBWW21A_700b-scaled.jpg\",\"width\":598,\"height\":2560},{\"@type\":\"BreadcrumbList\",\"@id\":\"https:\\\/\\\/monip.online\\\/#breadcrumb\",\"itemListElement\":[{\"@type\":\"ListItem\",\"position\":1,\"name\":\"Accueil\",\"item\":\"https:\\\/\\\/monip.online\\\/\"},{\"@type\":\"ListItem\",\"position\":2,\"name\":\"Trouver mon adresse IP publique\"}]},{\"@type\":\"WebSite\",\"@id\":\"https:\\\/\\\/monip.online\\\/#website\",\"url\":\"https:\\\/\\\/monip.online\\\/\",\"name\":\"Mon IP publique\",\"description\":\"monip.online\",\"publisher\":{\"@id\":\"https:\\\/\\\/monip.online\\\/#organization\"},\"potentialAction\":[{\"@type\":\"SearchAction\",\"target\":{\"@type\":\"EntryPoint\",\"urlTemplate\":\"https:\\\/\\\/monip.online\\\/?s={search_term_string}\"},\"query-input\":{\"@type\":\"PropertyValueSpecification\",\"valueRequired\":true,\"valueName\":\"search_term_string\"}}],\"inLanguage\":\"fr-FR\"},{\"@type\":\"Organization\",\"@id\":\"https:\\\/\\\/monip.online\\\/#organization\",\"name\":\"Mon IP publique\",\"url\":\"https:\\\/\\\/monip.online\\\/\",\"logo\":{\"@type\":\"ImageObject\",\"inLanguage\":\"fr-FR\",\"@id\":\"https:\\\/\\\/monip.online\\\/#\\\/schema\\\/logo\\\/image\\\/\",\"url\":\"https:\\\/\\\/monip.online\\\/wp-content\\\/uploads\\\/2023\\\/09\\\/cropped-cropped-connaitre-adresse-ip-mac-1-1-1.jpg\",\"contentUrl\":\"https:\\\/\\\/monip.online\\\/wp-content\\\/uploads\\\/2023\\\/09\\\/cropped-cropped-connaitre-adresse-ip-mac-1-1-1.jpg\",\"width\":512,\"height\":512,\"caption\":\"Mon IP publique\"},\"image\":{\"@id\":\"https:\\\/\\\/monip.online\\\/#\\\/schema\\\/logo\\\/image\\\/\"}},{\"@type\":\"Person\",\"@id\":\"https:\\\/\\\/monip.online\\\/#\\\/schema\\\/person\\\/bfacf519fc4a7d2a84600b481d1cace2\",\"name\":\"online\",\"image\":{\"@type\":\"ImageObject\",\"inLanguage\":\"fr-FR\",\"@id\":\"https:\\\/\\\/secure.gravatar.com\\\/avatar\\\/03bcdc5b9707b3339c92170373c491294e6c0ba892c7eb63ed0f316ef5b8d007?s=96&d=mm&r=g\",\"url\":\"https:\\\/\\\/secure.gravatar.com\\\/avatar\\\/03bcdc5b9707b3339c92170373c491294e6c0ba892c7eb63ed0f316ef5b8d007?s=96&d=mm&r=g\",\"contentUrl\":\"https:\\\/\\\/secure.gravatar.com\\\/avatar\\\/03bcdc5b9707b3339c92170373c491294e6c0ba892c7eb63ed0f316ef5b8d007?s=96&d=mm&r=g\",\"caption\":\"online\"},\"sameAs\":[\"https:\\\/\\\/monip.online\"],\"url\":\"https:\\\/\\\/monip.online\\\/?author=1\"}]}<\/script>\n<!-- \/ Yoast SEO plugin. -->","yoast_head_json":{"title":"MonIp :: click \u2192 copy - Mon IP publique","description":"Trouvez votre adresse IP publique gratuitement & sans pub ! Affichage de votre adresse IP, description d'une adresse IP et explications.","robots":{"index":"index","follow":"follow","max-snippet":"max-snippet:-1","max-image-preview":"max-image-preview:large","max-video-preview":"max-video-preview:-1"},"canonical":"https:\/\/monip.online\/","og_locale":"fr_FR","og_type":"article","og_title":"MonIp :: click \u2192 copy - Mon IP publique","og_description":"Trouvez votre adresse IP publique gratuitement & sans pub ! Affichage de votre adresse IP, description d'une adresse IP et explications.","og_url":"https:\/\/monip.online\/","og_site_name":"Mon IP publique","article_modified_time":"2023-09-27T14:18:21+00:00","og_image":[{"url":"https:\/\/monip.online\/wp-content\/uploads\/2023\/09\/aBWW21A_700b-scaled.jpg","type":"","width":"","height":""}],"twitter_card":"summary_large_image","twitter_misc":{"Dur\u00e9e de lecture estim\u00e9e":"1 minute"},"schema":{"@context":"https:\/\/schema.org","@graph":[{"@type":"TechArticle","@id":"https:\/\/monip.online\/#article","isPartOf":{"@id":"https:\/\/monip.online\/"},"author":{"name":"online","@id":"https:\/\/monip.online\/#\/schema\/person\/bfacf519fc4a7d2a84600b481d1cace2"},"headline":"MonIp :: click \u2192 copy","datePublished":"2023-09-20T15:18:24+00:00","dateModified":"2023-09-27T14:18:21+00:00","mainEntityOfPage":{"@id":"https:\/\/monip.online\/"},"wordCount":171,"publisher":{"@id":"https:\/\/monip.online\/#organization"},"image":{"@id":"https:\/\/monip.online\/#primaryimage"},"thumbnailUrl":"https:\/\/monip.online\/wp-content\/uploads\/2023\/09\/aBWW21A_700b-scaled.jpg","inLanguage":"fr-FR"},{"@type":["WebPage","QAPage"],"@id":"https:\/\/monip.online\/","url":"https:\/\/monip.online\/","name":"MonIp :: click \u2192 copy - Mon IP publique","isPartOf":{"@id":"https:\/\/monip.online\/#website"},"primaryImageOfPage":{"@id":"https:\/\/monip.online\/#primaryimage"},"image":{"@id":"https:\/\/monip.online\/#primaryimage"},"thumbnailUrl":"https:\/\/monip.online\/wp-content\/uploads\/2023\/09\/aBWW21A_700b-scaled.jpg","datePublished":"2023-09-20T15:18:24+00:00","dateModified":"2023-09-27T14:18:21+00:00","description":"Trouvez votre adresse IP publique gratuitement & sans pub ! Affichage de votre adresse IP, description d'une adresse IP et explications.","breadcrumb":{"@id":"https:\/\/monip.online\/#breadcrumb"},"inLanguage":"fr-FR","potentialAction":[{"@type":"ReadAction","target":["https:\/\/monip.online\/"]}]},{"@type":"ImageObject","inLanguage":"fr-FR","@id":"https:\/\/monip.online\/#primaryimage","url":"https:\/\/monip.online\/wp-content\/uploads\/2023\/09\/aBWW21A_700b-scaled.jpg","contentUrl":"https:\/\/monip.online\/wp-content\/uploads\/2023\/09\/aBWW21A_700b-scaled.jpg","width":598,"height":2560},{"@type":"BreadcrumbList","@id":"https:\/\/monip.online\/#breadcrumb","itemListElement":[{"@type":"ListItem","position":1,"name":"Accueil","item":"https:\/\/monip.online\/"},{"@type":"ListItem","position":2,"name":"Trouver mon adresse IP publique"}]},{"@type":"WebSite","@id":"https:\/\/monip.online\/#website","url":"https:\/\/monip.online\/","name":"Mon IP publique","description":"monip.online","publisher":{"@id":"https:\/\/monip.online\/#organization"},"potentialAction":[{"@type":"SearchAction","target":{"@type":"EntryPoint","urlTemplate":"https:\/\/monip.online\/?s={search_term_string}"},"query-input":{"@type":"PropertyValueSpecification","valueRequired":true,"valueName":"search_term_string"}}],"inLanguage":"fr-FR"},{"@type":"Organization","@id":"https:\/\/monip.online\/#organization","name":"Mon IP publique","url":"https:\/\/monip.online\/","logo":{"@type":"ImageObject","inLanguage":"fr-FR","@id":"https:\/\/monip.online\/#\/schema\/logo\/image\/","url":"https:\/\/monip.online\/wp-content\/uploads\/2023\/09\/cropped-cropped-connaitre-adresse-ip-mac-1-1-1.jpg","contentUrl":"https:\/\/monip.online\/wp-content\/uploads\/2023\/09\/cropped-cropped-connaitre-adresse-ip-mac-1-1-1.jpg","width":512,"height":512,"caption":"Mon IP publique"},"image":{"@id":"https:\/\/monip.online\/#\/schema\/logo\/image\/"}},{"@type":"Person","@id":"https:\/\/monip.online\/#\/schema\/person\/bfacf519fc4a7d2a84600b481d1cace2","name":"online","image":{"@type":"ImageObject","inLanguage":"fr-FR","@id":"https:\/\/secure.gravatar.com\/avatar\/03bcdc5b9707b3339c92170373c491294e6c0ba892c7eb63ed0f316ef5b8d007?s=96&d=mm&r=g","url":"https:\/\/secure.gravatar.com\/avatar\/03bcdc5b9707b3339c92170373c491294e6c0ba892c7eb63ed0f316ef5b8d007?s=96&d=mm&r=g","contentUrl":"https:\/\/secure.gravatar.com\/avatar\/03bcdc5b9707b3339c92170373c491294e6c0ba892c7eb63ed0f316ef5b8d007?s=96&d=mm&r=g","caption":"online"},"sameAs":["https:\/\/monip.online"],"url":"https:\/\/monip.online\/?author=1"}]}},"_links":{"self":[{"href":"https:\/\/monip.online\/index.php?rest_route=\/wp\/v2\/pages\/2","targetHints":{"allow":["GET"]}}],"collection":[{"href":"https:\/\/monip.online\/index.php?rest_route=\/wp\/v2\/pages"}],"about":[{"href":"https:\/\/monip.online\/index.php?rest_route=\/wp\/v2\/types\/page"}],"author":[{"embeddable":true,"href":"https:\/\/monip.online\/index.php?rest_route=\/wp\/v2\/users\/1"}],"replies":[{"embeddable":true,"href":"https:\/\/monip.online\/index.php?rest_route=%2Fwp%2Fv2%2Fcomments&post=2"}],"version-history":[{"count":27,"href":"https:\/\/monip.online\/index.php?rest_route=\/wp\/v2\/pages\/2\/revisions"}],"predecessor-version":[{"id":73,"href":"https:\/\/monip.online\/index.php?rest_route=\/wp\/v2\/pages\/2\/revisions\/73"}],"wp:attachment":[{"href":"https:\/\/monip.online\/index.php?rest_route=%2Fwp%2Fv2%2Fmedia&parent=2"}],"curies":[{"name":"wp","href":"https:\/\/api.w.org\/{rel}","templated":true}]}}